s divided by 15.
10
What is the remainder when 421 is divided by 39?
31
Calculate the remainder when 213 is divided by 24.
21
What is the remainder when 184 is divided by 47?
43
What is the remainder when 148 is divided by 50?
48
Calculate the remainder when 719 is divided by 66.
59
What is the remainder when 721 is divided by 57?
37
Calculate the remainder when 684 is divided by 28.
12
Calculate the remainder when 524 is divided by 41.
32
Calculate the remainder when 14305 is divided by 14.
11
Calculate the remainder when 1162 is divided by 65.
57
What is the remainder when 24296 is divided by 30?
26
What is the remainder when 332 is divided by 14?
10
What is the remainder when 1532 is divided by 26?
24
What is the remainder when 679 is divided by 68?
67
Calculate the remainder when 273 is divided by 132.
9
What is the remainder when 1163 is divided by 16?
11
What is the remainder when 1055 is divided by 59?
52
What is the remainder when 3920 is divided by 53?
51
Calculate the remainder when 2415 is divided by 22.
17
What is the remainder when 115 is divided by 9?
7
What is the remainder when 1145 is divided by 50?
45
Calculate the remainder when 2050 is divided by 57.
55
What is the remainder when 1330 is divided by 156?
82
Calculate the remainder when 3142 is divided by 24.
22
Calculate the remainder when 222 is divided by 25.
22
Calculate the remainder when 2230 is divided by 12.
10
What is the remainder when 1095 is divided by 25?
20
What is the remainder when 8231 is divided by 147?
146
What is the remainder when 578 is divided by 194?
190
Calculate the remainder when 910 is divided by 19.
17
Calculate the remainder when 312 is divided by 67.
44
Calculate the remainder when 293 is divided by 72.
5
Calculate the remainder when 68 is divided by 17.
0
What is the remainder when 1707 is divided by 59?
55
Calculate the remainder when 1076 is divided by 14.
12
Calculate the remainder when 934 is divided by 302.
28
Calculate the remainder when 35198 is divided by 20.
18
What is the remainder when 840 is divided by 23?
12
What is the remainder when 208 is divided by 49?
12
Calculate the remainder when 1181 is divided by 37.
34
Calculate the remainder when 626 is divided by 90.
86
Calculate the remainder when 7013 is divided by 156.
149
Calculate the remainder when 662 is divided by 29.
24
Calculate the remainder when 533 is divided by 129.
17
Calculate the remainder when 1103 is divided by 78.
11
What is the remainder when 414 is divided by 89?
58
Calculate the remainder when 187 is divided by 13.
5
What is the remainder when 165 is divided by 52?
9
What is the remainder when 3733 is divided by 58?
21
Calculate the remainder when 240 is divided by 27.
24
What is the remainder when 2336 is divided by 466?
6
Calculate the remainder when 3166 is divided by 1053.
7
Calculate the remainder when 791 is divided by 44.
43
What is the remainder when 614 is divided by 200?
14
Calculate the remainder when 6216 is divided by 346.
334
What is the remainder when 60 is divided by 13?
8
Calculate the remainder when 155 is divided by 53.
49
Calculate the remainder when 525 is divided by 108.
93
What is the remainder when 2381 is divided by 53?
49
Calculate the remainder when 3470 is divided by 62.
60
Calculate the remainder when 411 is divided by 94.
35
What is the remainder when 93 is divided by 24?
21
What is the remainder when 56 is divided by 34?
22
Calculate the remainder when 266 is divided by 67.
65
What is the remainder when 1752 is divided by 497?
261
Calculate the remainder when 515 is divided by 55.
20
Calculate the remainder when 3379 is divided by 829.
63
Calculate the remainder when 1115 is divided by 31.
30
What is the remainder when 1315 is divided by 161?
27
What is the remainder when 165 is divided by 21?
18
Calculate the remainder when 446 is divided by 58.
40
What is the remainder when 6053 is divided by 20?
13
What is the remainder when 2482 is divided by 812?
46
What is the remainder when 13050 is divided by 31?
30
Calculate the remainder when 664 is divided by 278.
108
Calculate the remainder when 6984 is divided by 3486.
12
Calculate the remainder when 181 is divided by 92.
89
What is the remainder when 66 is divided by 28?
10
What is the remainder when 861 is divided by 40?
21
Calculate the remainder when 27 is divided by 10.
7
What is the remainder when 3249 is divided by 4?
1
Calculate the remainder when 337 is divided by 34.
31
Calculate the remainder when 629 is divided by 8.
5
What is the remainder when 947 is divided by 322?
303
Calculate the remainder when 3176 is divided by 159.
155
What is the remainder when 306 is divided by 77?
75
What is the remainder when 2183 is divided by 156?
155
Calculate the remainder when 1580 is divided by 99.
95
Calculate the remainder when 484 is divided by 2.
0
What is the remainder when 299 is divided by 43?
41
What is the remainder when 467 is divided by 178?
111
What is the remainder when 411 is divided by 56?
19
Calculate the remainder when 83 is divided by 22.
17
What is the remainder when 241 is divided by 59?
5
Calculate the remainder when 398 is divided by 37.
28
Calculate the remainder when 2205 is divided by 184.
181
Calculate the remainder when 901 is divided by 150.
1
Calculate the remainder when 4690 is divided by 23.
21
What is the remainder when 467 is divided by 94?
91
What is the remainder when 67941 is divided by 38?
35
Calculate the remainder when 119 is divided by 36.
11
Calculate the remainder when 112 is divided by 35.
7
Calculate the remainder when 249 is divided by 46.
19
What is the remainder when 191 is divided by 39?
35
Calculate the remainder when 241 is divided by 61.
58
Calculate the remainder when 1570 is divided by 157.
0
Calculate the remainder when 2158 is divided by 94.
90
What is the remainder when 10635 is divided by 56?
51
Calculate the remainder when 448 is divided by 199.
50
Calculate the remainder when 389 is divided by 65.
64
Calculate the remainder when 210 is divided by 51.
6
What is the remainder when 190 is divided by 98?
92
Calculate the remainder when 90 is divided by 7.
6
What is the remainder when 5311 is divided by 69?
67
Calculate the remainder when 161 is divided by 10.
1
What is the remainder when 371 is divided by 34?
31
What is the remainder when 2979 is divided by 142?
139
What is the remainder when 655 is divided by 167?
154
Calculate the remainder when 2096 is divided by 70.
66
Calculate the remainder when 1931 is divided by 215.
211
What is the remainder when 645 is divided by 190?
75
What is the remainder when 537 is divided by 8?
1
What is the remainder when 639 is divided by 162?
153
What is the remainder when 251 is divided by 128?
123
Calculate the remainder when 141 is divided by 30.
21
Calculate the remainder when 286 is divided by 60.
46
What is the remainder when 1655 is divided by 12?
11
Calculate the remainder when 305 is divided by 17.
16
What is the remainder when 871 is divided by 23?
20
Calculate the remainder when 2036 is divided by 402.
26
Calculate the remainder when 428 is divided by 5.
3
Calculate the remainder when 70 is divided by 3.
1
What is the remainder when 154 is divided by 33?
22
What is the remainder when 366 is divided by 67?
31
Calculate the remainder when 927 is divided by 62.
59
Calculate the remainder when 158 is divided by 47.
17
Calculate the remainder when 489 is divided by 135.
84
Calculate the remainder when 30 is divided by 29.
1
Calculate the remainder when 76 is divided by 16.
12
Calculate the remainder when 100 is divided by 19.
5
What is the remainder when 167 is divided by 101?
66
What is the remainder when 644 is divided by 207?
23
Calculate the remainder when 276 is divided by 73.
57
What is the remainder when 1511 is divided by 54?
53
Calculate the remainder when 502 is divided by 18.
16
Calculate the remainder when 331 is divided by 77.
23
Calculate the remainder when 1897 is divided by 10.
7
Calculate the remainder when 15883 is divided by 5.
3
What is the remainder when 8827 is divided by 81?
79
Calculate the remainder when 147 is divided by 78.
69
Calculate the remainder when 229 is divided by 87.
55
What is the remainder when 3177 is divided by 187?
185
Calculate the remainder when